mber?
True
Is 15981991559 prime?
True
Is 1352620259 prime?
False
Is 3317131481 a prime number?
True
Is 409875197 prime?
True
Is 9501039679 a prime number?
False
Is 2909433721 prime?
True
Is 2401197989 composite?
True
Is 2079765887 composite?
False
Is 11161538483 composite?
False
Is 857368123 a composite number?
True
Is 178621619 a prime number?
False
Is 1489344239 a prime number?
False
Is 21101701001 composite?
False
Is 677315437 a prime number?
False
Is 102326413931 composite?
True
Is 2360265189 composite?
True
Is 11461813557 composite?
True
Is 2195183051 a composite number?
False
Is 4588620779 a composite number?
False
Is 127681633 composite?
True
Is 17044327141 a composite number?
False
Is 134203637 composite?
False
Is 23506925207 a composite number?
False
Is 5742242131 prime?
False
Is 928820117 prime?
True
Is 9413196983 composite?
True
Is 4832024983 prime?
True
Is 2844802523 a prime number?
True
Is 1935350099 composite?
False
Is 2297842259 composite?
False
Is 28296491723 prime?
True
Is 261011827 composite?
True
Is 20734664851 a composite number?
True
Is 27640069 composite?
True
Is 331890649 prime?
True
Is 1950595789 a prime number?
False
Is 884246089 a prime number?
False
Is 60734139 composite?
True
Is 418988519 prime?
False
Is 30754034153 prime?
True
Is 553599229 a prime number?
False
Is 10227992867 a composite number?
False
Is 43073561 prime?
True
Is 318298734329 a prime number?
False
Is 1851038773 prime?
True
Is 42710607293 composite?
True
Is 6479161151 prime?
True
Is 12444438731 composite?
False
Is 4960303351 prime?
True
Is 4158338497 a prime number?
True
Is 1760878237 composite?
True
Is 96556608523 prime?
True
Is 14842188133 composite?
False
Is 1012973909 a composite number?
False
Is 1542221221 a composite number?
False
Is 5722183967 a composite number?
False
Is 6425605513 composite?
True
Is 98487771791 composite?
False
Is 696260881 a prime number?
False
Is 1764006353 composite?
False
Is 432094193 a composite number?
False
Is 185296486979 prime?
False
Is 9414650909 a prime number?
False
Is 273696487 a composite number?
True
Is 468667781 prime?
False
Is 690874111 a prime number?
False
Is 1315575139 a composite number?
False
Is 3460804517 a composite number?
False
Is 638593019 composite?
True
Is 5288063467 a composite number?
False
Is 10090654703 composite?
False
Is 418008611 a composite number?
False
Is 9718985147 a composite number?
True
Is 7555647718 a prime number?
False
Is 1393434589 composite?
False
Is 31002890593 a composite number?
True
Is 165046047523 a composite number?
True
Is 752304283 composite?
True
Is 1684945763 a prime number?
False
Is 382588229 composite?
False
Is 43071998951 prime?
False
Is 96447019 prime?
True
Is 380476091 composite?
True
Is 467541989 a prime number?
True
Is 653067949 a prime number?
True
Is 24191425127 a prime number?
False
Is 306279037 a prime number?
True
Is 4813954207 a prime number?
True
Is 35829923611 composite?
False
Is 152920879 composite?
False
Is 770705869 composite?
False
Is 30862813559 a prime number?
True
Is 1053513155 a prime number?
False
Is 15503833649 a prime number?
True
Is 1933133759 a composite number?
False
Is 1482667271 prime?
False
Is 683617694 a composite number?
True
Is 844855279 a prime number?
False
Is 72233833913 a composite number?
False
Is 986742833 prime?
True
Is 22651006471 prime?
True
Is 1005442561 a prime number?
False
Is 46151929163 prime?
False
Is 14506739957 composite?
False
Is 5856808879 a prime number?
True
Is 1240118861 a composite number?
False
Is 13564370741 prime?
False
Is 75198312597 a prime number?
False
Is 14027931447 composite?
True
Is 4097388829 a prime number?
False
Is 3565540235 a prime number?
False
Is 16429292567 prime?
True
Is 2798579761 a prime number?
True
Is 789956659 a prime number?
False
Is 508050931 a prime number?
True
Is 217523127119 a prime number?
False
Is 20567153599 composite?
False
Is 111832687 a prime number?
True
Is 113386589 composite?
False
Is 25267538819 a composite number?
False
Is 12353649283 prime?
False
Is 20127189931 prime?
True
Is 233273227 prime?
False
Is 7905563509 a composite number?
False
Is 2734314697 a prime number?
False
Is 12443699 prime?
False
Is 33584269 a composite number?
False
Is 16378162159 prime?
True
Is 522852283 composite?
False
Is 1172522119 prime?
False
Is 275760851 a prime number?
False
Is 12312715081 composite?
True
Is 2010562993 prime?
False
Is 1669766833 prime?
False
Is 274890695 prime?
False
Is 882677947 prime?
False
Is 26518658201 composite?
True
Is 3091598963 prime?
False
Is 3708417421 composite?
True
Is 657520727 a prime number?
True
Is 144578743 a prime number?
False
Is 625751047 composite?
True
Is 16036971257 a prime number?
True
Is 612455147 composite?
True
Is 201351769 composite?
True
Is 122095811 composite?
False
Is 12312731213 a composite number?
False
Is 87051709 a prime number?
True
Is 2468155457 composite?
False
Is 1079570363 composite?
True
Is 31220111809 prime?
False
Is 18583694321 a composite number?
False
Is 79890593 a composite number?
False
Is 13502721383 prime?
False
Is 56496163 a prime number?
True
Is 2489515673 prime?
True
Is 5644541333 composite?
False
Is 4648342367 a prime number?
False
Is 7403246651 prime?
True
Is 101238047923 a prime number?
True
Is 12973899919 composite?
False
Is 187372051 a prime number?
False
Is 7116098837 composite?
False
Is 2003844313 prime?
True
Is 10793416673 a prime number?
False
Is 6227311619 composite?
False
Is 222191311 a prime number?
True
Is 166368597 composite?
True
Is 3843313733 prime?
False
Is 3493107353 composite?
False
Is 1936370879 prime?
False
Is 23340743939 a prime number?
True
Is 455420257 a prime number?
True
Is 9319022443 a composite number?
False
Is 1050750221 a prime number?
True
Is 7896805819 a prime number?
False
Is 6300285899 prime?
False
Is 4186352195 composite?
True
Is 4528487377 a composite number?
False
Is 1329784231 a prime number?
True
Is 6563562611 a composite number?
True
Is 4194654767 prime?
False
Is 18798798017 a prime number?
True
Is 2323219961 composite?
False
Is 4224674251 composite?
True
Is 7676924471 composite?
False
Is 4997494769 prime?
False
Is 99713206231 composite?
False
Is 6553463757 a prime number?
False
Is 1193061427 a prime number?
False
Is 95934623 prime?
True
Is 15188944517 a prime number?
True
Is 608095877 a composite number?
False
Is 1560924353 prime?
True
Is 1009637389 composite?
True
Is 9771598313 composite?
True
Is 49061981 a prime number?
False
Is 142247736083 a composite number?
False
Is 1087007381 composite?
False
Is 7306132771 a composite number?
True
Is 2970202259 a prime number?
False
Is 77928403751 a prime number?
False
Is 402502762 a prime number?
False
Is 10194390727 composite?
True
Is 23072888383 composite?
True
Is 14800846355 composite?
True
Is 4015435199 prime?
False
Is 6753904219 prime?
True
Is 6379059641 prime?
True
Is 13897002061 prime?
True
Is 41886006241 a composite number?
False
Is 5792512081 a composite number?
False
Is 613698401 a composite number?
False
Is 491863649 a composite number?
False
Is 952271029 prime?
False
Is 69032194477 a composite number?
False
Is 4972720903 a composite number?
False
Is 60505785377 a composite number?
False
Is 37869260251 prime?
True
Is 13673200843 prime?
False
Is 85801138597 a composite number?
True
Is 142987181087 prime?
False
Is 792538343 prime?
False
Is 2987934949 prime?
True
Is 1392711623 prime?
True
Is 4942613631 composite?
True
Is 396140729 prime?
False
Is 618501313 a prime number?
True
Is 16872978791 prime?
True
Is 66916199837 a composite number?
True
Is 65666981 a composite number?
True
Is 187327488815 composite?
True
Is 144372643 prime?
False
Is 49624427299 a composite number?
False
Is 12859539941 a composite number?
True
Is 232278119149 a prime number?
False
Is 15716392981 prime?
True
Is 10113575057 a composite number?
False
Is 45999430657 a prime number?
False
Is 13385257 a prime number?
True
Is 123210443 a prime number?
False
Is 6100689437 composite?
True
Is 3820065355 composite?
True
Is 3637848337 a prime number?
False
Is 680645682095 prime?
False
Is 4695851681 a prime number?
False
Is 737843 a composite number?
False
Is 2840935631 a prime number?
False
Is 156232886963 a prime number?
True
Is 1879414871 a prime number?
True
Is 1678403